 = 3*r - 78. Let l be f(r). List the prime factors of -60*(-18*(-2)/l - -3).
2, 3, 7
Suppose 18*z = 11*z - 2338. Let h = z + 1265. What are the prime factors of h?
7, 19
Let j be (-1 - 1) + 4 + -51. Suppose 0 = 89*l - 65*l + 1968. Let v = j - l. What are the prime factors of v?
3, 11
List the prime factors of 666762/24 + (-15)/(-60).
2, 29, 479
Let b(x) = x**2 - 9*x - 44. Suppose 7*f + 3 = -109. List the prime factors of b(f).
2, 89
Let g(y) = 3*y**2 - 7*y + 6*y**2 + 7 - 4*y**2 - 3*y**2. Suppose 934 = -7*o + 871. What are the prime factors of g(o)?
2, 29
Let f(h) = -5*h**3 - 2*h**2 - 6*h - 5. Let n(r) = -3 - 11*r**2 + 1 + r**3 + 2*r**2. Let j be n(9). List the prime factors of f(j).
3, 13
Suppose 12*w - 9635 = 21841. List the prime factors of w.
43, 61
Suppose 9*q = c + 6*q - 1686, -6676 = -4*c - 5*q. What are the prime factors of c?
2, 3, 31
Let z(u) be the second derivative of u**5/10 + 5*u**4/4 - 11*u**3/6 + 3*u**2/2 + 162*u. Let i(o) = 3*o + 7. Let y be i(-5). List the prime factors of z(y).
3
Let q(c) = 19617*c**2 + 40*c + 42. What are the prime factors of q(-1)?
23, 853
Let h(r) = -r**3 + 9*r**2 + 7*r + 27. Let p be h(10). Let a(v) = 26*v**2 - 18*v - 53. List the prime factors of a(p).
5, 47
Let l be 0 + (-3)/(-9) - 55/3. What are the prime factors of (-9 + (-63)/l)*-54?
3, 11
Suppose 26*z + 84572 = 154307 + 186937. List the prime factors of z.
2, 617
List the prime factors of -6558*(-18)/198*(-11)/(-2).
3, 1093
Suppose 1786 + 1464 = 10*a. Suppose i - 653 = a. What are the prime factors of i?
2, 3, 163
Let g(m) = -73*m**3 - 3*m**2 - m - 16. Let q be g(-4). Suppose 1115 = -13*x + q. List the prime factors of x.
269
Suppose -39*u + 152*u = 1774891. What are the prime factors of u?
113, 139
Let j(h) be the second derivative of 13*h**3/6 - 17*h**2/2 + 7*h. Suppose 3*q + 380 - 422 = 0. What are the prime factors of j(q)?
3, 5, 11
Suppose 130 + 67 = 3*j - 4*q, -2*j + q + 128 = 0. Suppose -j*v = -56*v - 3745. What are the prime factors of v?
5, 107
Let d(u) = u**2 - 8*u - 6. Let x be d(9). Let g(m) = -2*m + 18 + 6*m - x*m + 19. What are the prime factors of g(20)?
3, 19
Let l(y) = -12*y + 31. Let c(n) = -2*n**3 - n**2 + 3*n + 1. Let x be c(-2). Let b be l(x). Let r = b + 72. List the prime factors of r.
19
Let k = -2625 - -1675. Let o = k - -2142. Suppose 2*t - 460 = 2*n + n, 0 = -5*t - 3*n + o. What are the prime factors of t?
2, 59
Let v(r) = -7*r + 13. Let s be v(13). Let g = -139 - s. List the prime factors of (0 - -2) + (-4 - g).
59
Let j(l) = 10*l**3 + 12*l**2 + 4*l - 21. Let u be j(6). Suppose -10*s = 5*s - u. What are the prime factors of s?
173
Suppose -3787 = -p - 5*l, -5*p + 13123 = -2*l - 5947. List the prime factors of p.
2, 953
What are the prime factors of (-1445538)/(-48) + 216/(-64) + 3?
5, 19, 317
Suppose -4*t = -5*y - 205582, -63*y = -2*t - 62*y + 102788. List the prime factors of t.
3, 37, 463
Let d be 30/(-5) + 3 + 1896/2. Suppose 0 = -4*f + 3*h + 1885, h = -2*f + 2*h + d. What are the prime factors of f?
5, 19
Suppose -33433 = -14*g + 79449. List the prime factors of g.
11, 733
Let q(y) = y**2 + 11*y + 9. Let w be q(-6). Let u = -17 - w. Suppose u*n = 91 - 7. List the prime factors of n.
3, 7
What are the prime factors of (4 - 2022)/(2/(-2)) + 8 + -2?
2, 11, 23
Suppose -8 = -3*b + 2*x, 1 = 3*b - 2*b + x. Let n(d) = 35 + d**b + d**3 + 0*d**3 + d**2 + 47 + 2*d. List the prime factors of n(0).
2, 41
Let n(g) = -g - 1. Let l be n(-10). List the prime factors of (-6)/l - (-1940)/12.
7, 23
What are the prime factors of (9/(-12))/((66/(-990))/((-88)/(-5)))?
2, 3, 11
Let b be (0 - 0/(-4))/(-2). Suppose 4*q = -8, 3*i - i + 4*q - 2472 = b. List the prime factors of (i/2)/4 - (-2 + 1).
2, 3, 13
Suppose -7*i - 10360 + 47804 = -24156. List the prime factors of i.
2, 5, 11
Let b = 100868 - 42146. List the prime factors of b.
2, 3, 9787
Suppose i + 2*c + 832 = 0, 0 = 11*i - 15*i + 2*c - 3368. Let w = 1895 + i. List the prime factors of w.
5, 211
Suppose -x + 14 = 2*n + 9, 6 = 3*n + 2*x. List the prime factors of (-37)/37*n*-99.
2, 3, 11
Let p be 2*(2 + (0 - 0)). Let m be (1 + 5)/(p/24*9). Suppose 5*a - 4*o - 38 = 475, m*o = 12. What are the prime factors of a?
3, 5, 7
Let k = 34 + -42. Let f(j) = 14*j - 3. Let q be f(k). List the prime factors of 3 - 1 - (-2 + q).
7, 17
Let t(u) be the first derivative of 8*u**3/3 - 53*u**2/2 + 55*u + 232. What are the prime factors of t(13)?
2, 359
Suppose 4*g - 58 = 5*l, 0 = -4*l + 5*l + g + 8. Let d = -7 - l. Suppose 5*f - 96 = d*a, -2*f + 0*f - 2*a + 48 = 0. What are the prime factors of f?
3, 7
Suppose 0 = t - 4*l + 7*l - 8205, -32810 = -4*t - 2*l. List the prime factors of t.
2, 3, 1367
Suppose 5*h = -m + 611, 2*h + 4 + 0 = 0. Let n(a) = -2*a**2 - 11*a + 79. Let d be n(-11). What are the prime factors of m/(-2)*28/d?
3, 23
Let z = -66 - -68. Suppose -z*g = 8, 3*g + 2384 = 4*o - 324. List the prime factors of o.
2, 337
Suppose 5*p - 22 + 2 = 0. Suppose 4*i = 2*a - 1268, 0 = -4*a + p*i - 27 + 2571. List the prime factors of a.
2, 11, 29
Let k be (0/(6/(-6)))/(-2 + 1). Suppose w - 38 + 30 = k. Suppose 0 = 5*o - 20, 4*o = 2*y + w*o - 364. What are the prime factors of y?
2, 3, 29
Let z = -684 - -691. Let c(v) = v**2 + v**3 - 4 - 6*v**2 + v - 4. What are the prime factors of c(z)?
97
Suppose j = -4*v, 2*j - 2*v + 33 = 3. What are the prime factors of (-2 - -39) + 0/j?
37
Suppose 2*w - 6930 = -r, -4*r - 747 = -3*w - 28522. List the prime factors of r.
2, 5, 347
Suppose -4*v - 3*i = -12773, -2268 = -2*v + 2*i + 4108. What are the prime factors of v?
3191
Suppose 4*s - 16285 - 14309 = -6*f, -s + 25481 = 5*f. What are the prime factors of f?
5, 1019
What are the prime factors of (12420/(-42))/((7 - 3)/(-140)) + -6?
2, 3, 431
Let z(x) = 14*x**2 - 3*x - 8. Let n be z(-4). Suppose -10*l + 312 = -n. List the prime factors of l.
2, 3
What are the prime factors of 13371 + (50/5 - 360/18)?
31, 431
Suppose 2*v = 5*p + 26, -1 = -3*v - 8*p + 6*p. Suppose 0 = v*i + 6, 0 = 3*t - 2*i - 3081 + 188. What are the prime factors of t?
3, 107
Let n(v) = 6*v + 1. Let g be n(8). Let m = -41 + g. Suppose m*y = 6*y + 308. List the prime factors of y.
2, 7, 11
Suppose 5*t + 2*t - 1617 = 0. Let m = t - 164. Let x = m - -6. What are the prime factors of x?
73
Let z(v) = -v**2 + 6*v + 8. Let b be z(7). Let w(j) = 70*j**2 - 2. Let q be w(b). What are the prime factors of 12/(76/q - 1)?
2, 3, 17
Let p = 36 - -43. Suppose -2*t = 4*c - 124, 4*t - 193 = 4*c + p. Let a = t + -16. What are the prime factors of a?
2, 5
Let d = 8191 + -1175. List the prime factors of d.
2, 877
Let p be -27 - (-41)/(615/90). Let c(b) = 0*b - 13 + 0*b - 4*b. List the prime factors of c(p).
71
Let i(n) be the third derivative of 19*n**6/40 + n**3/6 - n**2. Suppose 17 = 9*h - 4*q, -18*h + 8 = -16*h - 3*q. List the prime factors of i(h).
2, 29
Suppose 5*c - 4*i - 2803 = 0, 5*c - 2548 = i + 249. Let a = -300 + c. What are the prime factors of a?
7, 37
Suppose -71*w - 22*w + 46368 = -37*w. What are the prime factors of w?
2, 3, 23
Let n be (24/10)/((-24)/80). Let h be (9/(-36) - 1578/n)*1. Let y = h - 47. What are the prime factors of y?
2, 3, 5
Suppose -1002 = -7*u + 447. Suppose 127 = 3*o + v, 7*o - 2*o - 3*v - u = 0. What are the prime factors of o?
2, 3, 7
Let a(c) = -c**3 + 4*c**2 - 3*c + 5. Let r be a(3). Suppose 4*b = -0*n - r*n - 465, 228 = -2*b + 2*n. Let m = b - -192. List the prime factors of m.
7, 11
What are the prime factors of ((-5820)/(-14))/(-1)*840/(-90)?
2, 5, 97
Let k(p) = 123*p**3 + 4*p**2 - 4*p + 1. Let w be k(1). Suppose -9*v - 3*r = -10*v + 190, -2*v = 5*r - 325. Let l = v - w. What are the prime factors of l?
3, 17
Let c be 2/(-4)*(-5 - 7). Suppose 0 = -2*a, -c*r + 11*r - a = 280. Let w = r - -28. List the prime factors of w.
2, 3, 7
Let z be (3032 + 9)/(-3 + 1 + 3). Suppose -5*y = 2*f + 2*f - z, 0 = 3*y + 4*f - 1831. What are the prime factors of y?
5, 11
Suppose 578*g = 572*g + 14046. Suppose -3*z - 11*k + 13*k + g = 0, k - 3114 = -4*z. What are the prime factors of z?
19, 41
Suppose -253*j - 604543 + 1682405 = -708065. What are the prime factors of j?
3, 13, 181
Let g be 975/9 - (-6)/(-18). Suppose 0 = 5*a - 11*a - g. List the prime factors of (-94)/8*(a - -2).
2, 47
Suppose n - 3*x - 21133 = 0, -5*n + 105731 = -6*x + 2*x. What are t